 + 37. Determine f(l).
7
Let z(m) = -9*m + 259 + 68 - 123. Let q be z(23). Let p(y) = y**3 + y**2. Calculate p(q).
-18
Let o(z) = 112*z**2 + z - 2. Suppose 34*i = -42*i + 219 - 143. Calculate o(i).
111
Let a(o) = -o**2 - 41*o - 15. Let s be a(-10). Suppose s*b = 310*b + 90. Let g(i) = i**3 + 5*i**2 - 9*i - 14. Calculate g(b).
4
Suppose -125 = 5*f - 5*t, -2*f + 4*t = -29 + 87. Let c be 1/(3/(-14) + 6/f). Let j(a) = 2*a**3 - a**2 - a + 1. Calculate j(c).
-17
Let f(t) = t**3 - 16*t**2 - 9*t - 133. Let o be f(17). Let q(j) = -3*j**2 + 14*j + 3. Calculate q(o).
18
Let v(z) = 3 + 11*z**2 + 2*z - 10*z**2 - 37 - 13 + 10*z. What is v(-15)?
-2
Let t(m) = -268*m**3 - m**2 - 240*m**3 + 750*m**3 - 1 - 238*m**3 - 2*m. Calculate t(-2).
-33
Let a(r) = 2*r - 12. Let g be (-3 - (-2 + 1))*(-133)/38. Determine a(g).
2
Suppose -4*x + 2*d = -24, 0 = 18*x - 16*x + 2*d - 12. Let k(i) = -8*i**2 - 21*i + 7. Let p(v) = 3*v**2 + 7*v - 2. Let j(m) = 4*k(m) + 11*p(m). What is j(x)?
0
Let g be (-6)/(-4)*(-17 - 1568/(-96)). Let q(o) = -2*o**2 - 25*o**3 + o**2 - 23*o**3. Determine q(g).
47
Let l(g) = -g**2 + 2*g. Let t(o) = -2*o - 64. Let d(y) = -2*y**2 - 34*y - 31. Let h be d(-17). Let s be t(h). What is l(s)?
-8
Let l(r) = 5*r - r - 2148 - r**3 - 2147 - 7*r**2 + 4298 + 2*r**3. Let y(w) = w**3 - w**2 - 2*w - 2. Let d be y(3). Suppose -3*j + 8 = -d. Determine l(j).
-9
Let m be 6/(-21) + 228/14. Let x = -10 + m. Let n(b) be the third derivative of -b**5/60 + b**4/6 + 2*b**3/3 - 2679*b**2 - b - 1. Calculate n(x).
-8
Let a(m) be the first derivative of -4*m**2 - 42. Let z(r) = -7*r + 2. Let i(k) = -5*a(k) + 6*z(k). Give i(5).
2
Let n be (1/2)/(7/(-14)). Let v be -3 + ((-3)/n - -2)*-1. Let q(a) = a**3 + 7*a**2 - 7*a. Give q(v).
-8
Let v(t) be the first derivative of -t**2/2 + t - 1. Suppose 5*b - k = 1725 + 781, 2*b = -2*k + 1000. Let u = b + -500. Give v(u).
0
Let l(s) = -4*s - 13. Let f(m) = -4*m - 11. Suppose -a + 10 - 13 = 0. Let w(u) = a*l(u) + 4*f(u). What is w(6)?
-29
Let u(p) = 10*p - 2. Let m = -710 + 712. Suppose 0 = 5*t - 4*a - 18, 30*t - 33*t - 2*a + m = 0. Determine u(t).
18
Let b(k) be the third derivative of k**5/12 + 25*k**4/24 - 8*k**3/3 - 29*k**2 + 2. Let m(r) = -3*r**2 - 17*r + 11. Let c(n) = -5*b(n) - 8*m(n). Determine c(11).
-8
Suppose 5*g - 7 = 3. Suppose -5*v = -3*n - 16, 6*v + g = -2*n + 5*v. Let t(k) = -2*k**2 - 2*k. Give t(n).
-4
Let f be 110/33 - 2/6. Suppose 0 = k + 5*i + 13, 0*i + f*i + 7 = -k. Let b(z) = 3*z - 1 + z**2 - 2*z - 2*z. Calculate b(k).
1
Let u(g) = -g**3 + 8*g**2 - 6. Suppose 3*y = -3*j + 3, -3*j + y = -16 + 9. Suppose -k = -3, -2*c = -5*c + j*k + 18. Give u(c).
-6
Suppose -10074*m - 52 = -10048*m. Let y(s) = -24*s**2 - s. Calculate y(m).
-94
Let j(d) = 4 - 24*d - 5 + 7*d + 14*d. Suppose 2*r + 19*n = 17*n - 8, -2*r - 4*n - 16 = 0. Calculate j(r).
-1
Let v = -8758 - -8762. Let c(x) = x**3 + 2*x**2 - 18*x - 4. Give c(v).
20
Let f(x) = 14 - 12*x + 1 + 2*x - 2*x + x**3 - 2*x + 14*x**2. Let o(i) = -7*i - 1. Let v be o(2). Give f(v).
0
Let m(b) = b**2 + 8*b + 21. Let i(v) = -226*v + 1353. Let d be i(6). Calculate m(d).
6
Suppose 143*b = 152*b. Let m(a) = -a**2 + a + 13. What is m(b)?
13
Let w(v) = 20*v + 25*v - 9 - 26*v - 23*v. Give w(6).
-33
Let b(n) = 10 + 13*n + 25 - 20 - n**3 - 11*n**2 - 4. Calculate b(-12).
-1
Let m(y) = -y - 5. Let r(p) = p**3 - 15*p**2 - 19*p + 51. Let t be r(16). Let k be t - ((0 - -5) + (-60)/6). Calculate m(k).
-13
Let s(k) = k**3 + 3*k**2 + 4*k + 4. Let f be 483/46 + (-2)/(0 + 4). Let r be f - (0 + (3 - 1)). Let o be (-2 + (-10)/(-3))*(r - 11). Give s(o).
-28
Let v(a) = -8*a - 1151. Let d(q) = 170. Let z(j) = -7*d(j) - v(j). Calculate z(13).
65
Let s(y) be the second derivative of -y**4/12 + 5*y**3/3 - 4*y**2 + y. Let w be 6/(-4) + 343/98. Suppose 1 = -i + 3*z, 4*z - w = -4*i + 42. Give s(i).
8
Let g(q) = 86*q**2 + 3*q + 5. Let v(s) = 138*s**2 + 5*s + 7. Let i(w) = -8*g(w) + 5*v(w). Calculate i(2).
5
Let m(z) = 2*z**3 + 6*z**2 + z - 1. Let a(l) = -l**3 + l**2 - 2*l. Suppose -12 + 1 = -11*o. Let j(g) = o*a(g) + m(g). Determine j(-7).
6
Let n(b) = -129 + 3*b + 4*b + b + 3*b - 6*b. What is n(26)?
1
Suppose -513 + 1350 = 93*z. Let v(y) = -5*y + 11. Let j(k) = 5*k - 11. Let f(u) = -5*j(u) - 6*v(u). Determine f(z).
34
Let l = 64 + -63. Let f(p) = p**3 - p. Let b(c) = -3 - 25*c**2 - 32*c**2 + 53*c**2 + 8 - 11*c + 7*c**3. Let k(v) = l*b(v) - 6*f(v). Give k(4).
-15
Let y(s) = -s**2 + 4*s - 2. Let x(r) be the first derivative of -r**3/3 + 21*r**2/2 + 50*r - 2. Let u(i) = 17*i - 96. Let o be u(7). Let h be x(o). Give y(h).
-2
Suppose -6*z - 1074 = 798. Let r be ((-13)/(z/(-160)))/(4/6). Let h(c) = -c**2 - 11*c - 11. Give h(r).
-1
Let r = 30 - -41. Let g(s) = r - 137 + 67 + s**2 - 2*s. What is g(2)?
1
Let l(m) = m**3 + 4*m**2 + 4*m + 3. Let p(o) = -o**3 - 2*o**2 - 4*o - 3. Let i be p(-1). Suppose 2*n + 11*n + 26 = i. What is l(n)?
3
Let o(b) = -2*b**2 + 2*b + 9. Let z(u) = 7*u**2 - u + 2. Let i(a) = 5*a**2 - a. Let v(p) = -3*i(p) + 2*z(p). Let c(f) = 3*o(f) - 7*v(f). Calculate c(7).
41
Let b(w) be the second derivative of -w**5/20 + 7*w**4/12 + 4*w**3/3 - 5*w**2 + 31*w - 2. Suppose 7*h + 67 - 123 = 0. Give b(h).
-10
Let z(t) be the second derivative of t**4/12 + t**3 + t**2/2 - 251*t. Let g(x) = 3*x + 16. Let n be g(-7). Determine z(n).
-4
Let g(n) be the second derivative of n**4/12 + 11*n**3/3 + n**2 + 18*n. Let c be g(-22). Let w(p) = -10 + 19 + p - 10. Calculate w(c).
1
Let m(h) be the first derivative of -2*h**3/3 + 7*h**2/2 - 26*h + 917. Calculate m(5).
-41
Let u(o) = -o**2 + 13*o - 13. Let d(x) = 2*x**3 - 7*x**2 - 19*x + 70. Let p be d(4). Calculate u(p).
17
Let w(k) be the first derivative of k**3/3 - 4*k**2 - 26*k + 6636. Determine w(-2).
-6
Let o(q) = -15*q - 24. Suppose -17*z - 30 = -40*v + 41*v, -4*z - 24 = -4*v. What is o(z)?
6
Let r(t) = 103929 - 51967 + 4*t - 51963 - t**2. What is r(-5)?
-46
Suppose -10*a + 4*a = -18. Let x(l) be the second derivative of l**6/720 - l**5/20 - 2*l**4/3 - 2*l. Let z(j) be the third derivative of x(j). Calculate z(a).
-3
Suppose 46*j - 47*j = -4*a - 1, 5 = 4*a - 3*j. Let h(z) = z**3 + 4*z**2 + 2*z - 2. Let q(u) = 1. Let p(f) = a*h(f) - 3*q(f). What is p(-4)?
7
Let o(b) = -b**3 - 2*b**2 - b - 7. Let i be o(-3). Let s(d) be the first derivative of d**4/4 - 4*d**3/3 - 3*d**2 - 7*d - 879. Determine s(i).
-12
Let f(q) = -10*q**2 + 23*q + 19. Let m(u) = -27*u**2 + 72*u + 55. Let w(h) = 11*f(h) - 4*m(h). Determine w(-17).
6
Let p(d) be the first derivative of -d**5/120 + d**4/4 - 13*d**3/3 + 2*d + 32. Let v(r) be the third derivative of p(r). What is v(8)?
-2
Let q(u) = -u + 7 - 2 + 3 + 8 - 2*u. What is q(12)?
-20
Let y(p) = p**2 - 2*p - 3. Let i(v) = 5*v**2 - 12*v - 32. Let z(o) = -i(o) + 4*y(o). Calculate z(6).
8
Let t(p) = -25820 + 25911 - 31*p + 25*p. Determine t(20).
-29
Let r(c) = -55*c - 3734. Let d be r(-68). Let m(n) = n**3 - 4*n**2 - 7*n - 9. Determine m(d).
21
Suppose -3*j - 10*u - 9 = -8*u, -5*u = j + 3. Let a be (j - -9) + -2 + -2 + 0. Let v(l) = -3*l - l + 0*l + 1. Determine v(a).
-7
Let r(m) = m**3 - 5*m**2 + 10. Suppose -44 - 76 = -30*f. Determine r(f).
-6
Let t = 460 - 366. Let m = -92 + t. Let y(c) = -5*c + 5. Calculate y(m).
-5
Let w(f) = f**2 + 8*f - 51. Suppose r - 59 = 5*b, 3*b + 481 - 447 = 2*r. Give w(b).
-3
Let g(y) be the second derivative of 13*y**3/2 + y**2/2 - 330*y + 2. Calculate g(-1).
-38
Let z be (-25)/((-2750)/20) - (-7896)/11. Let p = z + -716. Let h(a) = a**3 - a**2 + 2. Give h(p).
6
Let a be ((-25)/30)/(1/6). Let c(n) = -5*n**2 - 9*n + 6. Give c(a).
-74
Let j = -1571/3 + 524. Let f(o) be the first derivative of 2*o**2 - j*o**3 + 5*o - 7. What is f(6)?
-7
Suppose -3*z = 2*g - 68, -2*g = -47*z + 49*z - 42. Let k(j) = -j**3 + 25*j**2 + 26*j - 1. Give k(z).
-1
Suppose 0 = -3*r + 5*r + 12. Let b be 24/9 + -3 - 362/r. Suppose -2*y - b = -76. Let f(u) = u**2 - 8*u + 1. Give f(y).
1
Suppose 56*p - 18*p - 26*p = 384. Let u(c) = c**3 - 33*c**2 + 33*c - 40. Calculate u(p).
-8
Let t(r) be the third derivative of -r**4/24 - 32*r**3/3 + r**2 - 302*r + 2. What is t(-25)?
-39
Let m(s) = s**3 + 4*s**2 - s - 2. Let n(o) = o**3 + 4*o**2. Let l be n(-3). Suppose -13 - l = 11*c. Calculate m(c).
8
Let z(v) = -16*v - 67. Let o(j) = 21*j + 88. Let y(l) = 7*o(l) + 9*z(l). De